{"id":2279,"date":"2012-03-11T17:51:48","date_gmt":"2012-03-11T17:51:48","guid":{"rendered":"http:http:www.mafdad.org\/\/about-us-4\/"},"modified":"2012-03-11T17:51:48","modified_gmt":"2012-03-11T17:51:48","slug":"about-us-3","status":"publish","type":"page","link":"http:\/\/www.mafdad.org\/?page_id=2279","title":{"rendered":"About us"},"content":{"rendered":"<p>&nbsp;<\/p>\n<div align=\"center\"><strong>&#8211;\u00a0 <em>MAF-DAD Kurdisch f\u00fcr <\/em><\/strong><em><strong>Recht und <\/strong><\/em><strong><em>Gerechtigkeit<\/em> &#8211; <\/strong><br \/>\nwir haben diese Wortkombination gew\u00e4hlt<\/div>\n<div align=\"left\">\n<div align=\"center\"><\/div>\n<div align=\"left\">\n<ul>\n<li>in Anlehnung an die Situation des kurdischen Volkes, die von Entrechtung und Unterdr\u00fcckung gepr\u00e4gt ist;<\/li>\n<li>aus Achtung f\u00fcr die Forderungen der KurdInnen nach Recht und Gerechtigkeit.<\/li>\n<\/ul>\n<\/div>\n<\/div>\n<div align=\"left\">Am Weltfriedenstag, dem 01. September 2006, haben sich deutsche, t\u00fcrkische und kurdische JuristInnen, MenschenrechtsaktivistInnen und andere engagierte Personen zusammengeschlossen in dem Verein MAF-DAD.<strong>Zusammengebracht haben uns gemeinsame Zielsetzungen:<\/strong><\/div>\n<div align=\"left\"><strong>&#8211; die EU-Beitrittsverhandlungen mit der T\u00fcrkei kritisch zu begleiten und zu kommentieren;<br \/>\n&#8211; die Entwicklung demokratischer Strukturen zu st\u00e4rken;<br \/>\n&#8211; grundlegende Menschen- und B\u00fcrgerrechte zu verteidigen und zu f\u00f6rdern.<\/strong><\/p>\n<div align=\"left\">Auch wenn wir in Deutschland leben, ist es in der heutigen Welt, die immer mehr zu einem globalen Dorf zusammen w\u00e4chst, f\u00fcr uns unvorstellbar, in Anbetracht der immer noch andauernden Menschenrechtsverletzungen weltweit passiv zu bleiben. Wir wissen, dass es au\u00dfer uns viele weitere juristische Vereinigungen und Menschenrechtsorganisationen gibt, die gute und wertvolle Arbeit leisten. Unser Ziel ist es, als Teil dieser Tradition zu dem bestehenden Potential beizutragen, indem wir zu Themen arbeiten, die unserer Meinung nach bisher nicht ausreichend behandelt worden sind.<\/div>\n<div align=\"left\"><\/div>\n<p><strong>Als MAF-DAD wollen wir<\/strong><br \/>\ndie juristischen Reformen in der T\u00fcrkei in der EU-Beitrittsphase beobachten. Dabei wollen wir solidarisch mit zivilgesellschaftlichen Organisationen, JuristInnen und MenschenrechtlerInnen in der T\u00fcrkei zusammen arbeiten;<\/p>\n<p>in EU-Gremien die Initiative ergreifen und die verantwortlichen PolitikerInnen daf\u00fcr sensibilisieren, dass Menschen- und B\u00fcrgerrechtsnormen nicht von \u00f6konomischen oder sicherheitspolitischen Interessen in den Schatten gestellt werden;<\/p>\n<p>eine Diskussion in der europ\u00e4ischen Bev\u00f6lkerung anstossen, den Dialog zwischen den Kulturen st\u00e4rken und das Bewusstsein f\u00f6rdern, dass\u00a0 Menschenrechtsverletzungen uns alle angehen;<\/p>\n<p>Verbrechen gegen die Menschlichkeit und z.B. Kriegsverbrechen gegen KurdInnen juristisch und politisch verfolgen;<\/p>\n<p>gegen Inseln der Rechtlosigkeit wie Guantanamo und Imrali k\u00e4mpfen, gegen Isolations- und andere entw\u00fcrdigende Haftbedingungen vorgehen und gegen Situation aller Personen, die eine entrechtende Sonderbehandlung erfahren.<\/p>\n<p>Wir wollen es nicht zulassen, dass nach dem 11. September \u00fcberall auf der Welt Angriffe als Vorwand genutzt werden, um demokratische Errungenschaften wieder abzuschaffen. Ebenso wie in Sicherheit wollen wir in Demokratie leben. Wir lehnen es ab, gegeneinander aufgehetzt und dazu gezwungen zu werden, eine von zwei Seiten zu w\u00e4hlen. Deshalb legen wir Wert darauf, gegen die Antiterrorgesetzgebung als der juristischen Wiederspiegelung dieser Entwicklung vorzugehen und in Europa, der T\u00fcrkei und Kurdistan in dieser Richtung zu arbeiten.<\/p>\n<p><strong>Als MAF-DAD wissen wi<\/strong>r, dass in der T\u00fcrkei die stattfindenden K\u00e4mpfe zur Legitimierung antidemokratischer Verfahrensweisen genutzt werden sollen. Dabei wird versucht, rechtsfreie Gebiete zu schaffen und die Gesellschaft davon zu \u00fcberzeugen, dass bestimmten Individuen und Gruppen keinerlei Rechte und Freiheiten zustehen. Mit der Zeit wird dann das ganze Land zu einem Gebiet der Rechtlosigkeit, auf dem die Rechte aller B\u00fcrgerInnen verletzt werden k\u00f6nnen. So wird nahezu der Ausnahmezustand zur Regel gemacht. So werden in der Zukunft in der T\u00fcrkei auch die Sondergesetze, die speziell f\u00fcr die Umsetzung an Abdullah \u00d6calan erlassen worden sind, innerhalb kurzer Zeit alle B\u00fcrgerInnen in der T\u00fcrkei umfassen.<\/p>\n<p><strong>Als MAF-DAD wissen wir,<\/strong> dass ein \u00e4hnlicher Mechanismus sich in verschiedensten L\u00e4ndern wiederholt. Auch in der Bundesrepublik Deutschland wird diskriminierendes Vorgehen gegen einzelne Gruppen sp\u00e4ter ausgeweitet auf gr\u00f6\u00dfere Teile der Bev\u00f6lkerung. Aus diesem Grund m\u00f6chten wir betonen, dass wir es als Teil unserer Arbeit betrachten, die Lage von KurdInnen in Deutschland zu beobachten. Dabei geht es uns insbesondere um gesetzliche Regelungen und Vorgehensweisen, mit denen die Organisierungs-, Meinungs- und Pressefreiheit sowie das Recht auf politische Bet\u00e4tigung eingeschr\u00e4nkt werden.<\/p>\n<p>Ein juristischer Kampf erfordert neben theoretischer Arbeit ein praktisches juristisches Vorgehen gegen konkretes Unrecht. Aus diesem Grund wollen wir bestimmte Pilotprozesse beobachten und dar\u00fcber wachen, in welchem Masse gesetzlich verbriefte Rechte eingehalten werden. Zur Umsetzung unserer Ziele werden wir Konferenzen, Veranstaltungen und Seminare durchf\u00fchren, Untersuchungsaussch\u00fcsse gr\u00fcnden oder daran teilhaben und Berichte erstellen. Der juristische Kampf soll mit der Zeit helfen, zu einer Entwicklung in Gesetzgebung und ihrer Umsetzung zu f\u00fchren, durch den das Interesse und das Vertrauen in die Forderung nach einem friedlichen Zusammenleben\u00a0 aller Menschen steigt. In diesem Sinne streben wir an, \u00fcber den juristischen Kampf eine Kultur des Friedens und der Einigung zu f\u00f6rdern.<\/p>\n<p>Dies ist das Selbstverst\u00e4ndnis, nach dem wir arbeiten wollen. Wir betrachten dies als Mindesteinsatz, den wir als Individuen leisten k\u00f6nnen, denen Recht und Menschenrechte wichtig sind. Sie k\u00f6nnen Ihren Beitrag dazu leisten, indem sie in unserem Verein mitarbeiten.<\/p>\n<p><strong>F\u00fcr eine bessere, gerechtere und freie Welt&#8230;<\/strong><\/p>\n<\/div>\n","protected":false},"excerpt":{"rendered":"<p>&nbsp; &#8211;\u00a0 MAF-DAD Kurdisch f\u00fcr Recht und Gerechtigkeit &#8211; wir haben diese Wortkombination gew\u00e4hlt in Anlehnung an die Situation des kurdischen Volkes, die von Entrechtung und Unterdr\u00fcckung gepr\u00e4gt ist; aus<\/p>\n","protected":false},"author":2,"featured_media":0,"parent":0,"menu_order":0,"comment_status":"open","ping_status":"open","template":"","meta":{"footnotes":""},"class_list":{"1":"page","2":"type-page","3":"status-publish","4":"hentry"},"_links":{"self":[{"href":"http:\/\/www.mafdad.org\/index.php?rest_route=\/wp\/v2\/pages\/2279","targetHints":{"allow":["GET"]}}],"collection":[{"href":"http:\/\/www.mafdad.org\/index.php?rest_route=\/wp\/v2\/pages"}],"about":[{"href":"http:\/\/www.mafdad.org\/index.php?rest_route=\/wp\/v2\/types\/page"}],"author":[{"embeddable":true,"href":"http:\/\/www.mafdad.org\/index.php?rest_route=\/wp\/v2\/users\/2"}],"replies":[{"embeddable":true,"href":"http:\/\/www.mafdad.org\/index.php?rest_route=%2Fwp%2Fv2%2Fcomments&post=2279"}],"version-history":[{"count":0,"href":"http:\/\/www.mafdad.org\/index.php?rest_route=\/wp\/v2\/pages\/2279\/revisions"}],"wp:attachment":[{"href":"http:\/\/www.mafdad.org\/index.php?rest_route=%2Fwp%2Fv2%2Fmedia&parent=2279"}],"curies":[{"name":"wp","href":"https:\/\/api.w.org\/{rel}","templated":true}]}}

<p>&nbsp;</p>
<div align="center"><strong>&#8211;  <em>MAF-DAD Kurdisch für </em></strong><em><strong>Recht und </strong></em><strong><em>Gerechtigkeit</em> &#8211; </strong><br />
wir haben diese Wortkombination gewählt</div>
<div align="left">
<div align="center"></div>
<div align="left">
<ul>
<li>in Anlehnung an die Situation des kurdischen Volkes, die von Entrechtung und Unterdrückung geprägt ist;</li>
<li>aus Achtung für die Forderungen der KurdInnen nach Recht und Gerechtigkeit.</li>
</ul>
</div>
</div>
<div align="left">Am Weltfriedenstag, dem 01. September 2006, haben sich deutsche, türkische und kurdische JuristInnen, MenschenrechtsaktivistInnen und andere engagierte Personen zusammengeschlossen in dem Verein MAF-DAD.<strong>Zusammengebracht haben uns gemeinsame Zielsetzungen:</strong></div>
<div align="left"><strong>&#8211; die EU-Beitrittsverhandlungen mit der Türkei kritisch zu begleiten und zu kommentieren;<br />
&#8211; die Entwicklung demokratischer Strukturen zu stärken;<br />
&#8211; grundlegende Menschen- und Bürgerrechte zu verteidigen und zu fördern.</strong></p>
<div align="left">Auch wenn wir in Deutschland leben, ist es in der heutigen Welt, die immer mehr zu einem globalen Dorf zusammen wächst, für uns unvorstellbar, in Anbetracht der immer noch andauernden Menschenrechtsverletzungen weltweit passiv zu bleiben. Wir wissen, dass es außer uns viele weitere juristische Vereinigungen und Menschenrechtsorganisationen gibt, die gute und wertvolle Arbeit leisten. Unser Ziel ist es, als Teil dieser Tradition zu dem bestehenden Potential beizutragen, indem wir zu Themen arbeiten, die unserer Meinung nach bisher nicht ausreichend behandelt worden sind.</div>
<div align="left"></div>
<p><strong>Als MAF-DAD wollen wir</strong><br />
die juristischen Reformen in der Türkei in der EU-Beitrittsphase beobachten. Dabei wollen wir solidarisch mit zivilgesellschaftlichen Organisationen, JuristInnen und MenschenrechtlerInnen in der Türkei zusammen arbeiten;</p>
<p>in EU-Gremien die Initiative ergreifen und die verantwortlichen PolitikerInnen dafür sensibilisieren, dass Menschen- und Bürgerrechtsnormen nicht von ökonomischen oder sicherheitspolitischen Interessen in den Schatten gestellt werden;</p>
<p>eine Diskussion in der europäischen Bevölkerung anstossen, den Dialog zwischen den Kulturen stärken und das Bewusstsein fördern, dass  Menschenrechtsverletzungen uns alle angehen;</p>
<p>Verbrechen gegen die Menschlichkeit und z.B. Kriegsverbrechen gegen KurdInnen juristisch und politisch verfolgen;</p>
<p>gegen Inseln der Rechtlosigkeit wie Guantanamo und Imrali kämpfen, gegen Isolations- und andere entwürdigende Haftbedingungen vorgehen und gegen Situation aller Personen, die eine entrechtende Sonderbehandlung erfahren.</p>
<p>Wir wollen es nicht zulassen, dass nach dem 11. September überall auf der Welt Angriffe als Vorwand genutzt werden, um demokratische Errungenschaften wieder abzuschaffen. Ebenso wie in Sicherheit wollen wir in Demokratie leben. Wir lehnen es ab, gegeneinander aufgehetzt und dazu gezwungen zu werden, eine von zwei Seiten zu wählen. Deshalb legen wir Wert darauf, gegen die Antiterrorgesetzgebung als der juristischen Wiederspiegelung dieser Entwicklung vorzugehen und in Europa, der Türkei und Kurdistan in dieser Richtung zu arbeiten.</p>
<p><strong>Als MAF-DAD wissen wi</strong>r, dass in der Türkei die stattfindenden Kämpfe zur Legitimierung antidemokratischer Verfahrensweisen genutzt werden sollen. Dabei wird versucht, rechtsfreie Gebiete zu schaffen und die Gesellschaft davon zu überzeugen, dass bestimmten Individuen und Gruppen keinerlei Rechte und Freiheiten zustehen. Mit der Zeit wird dann das ganze Land zu einem Gebiet der Rechtlosigkeit, auf dem die Rechte aller BürgerInnen verletzt werden können. So wird nahezu der Ausnahmezustand zur Regel gemacht. So werden in der Zukunft in der Türkei auch die Sondergesetze, die speziell für die Umsetzung an Abdullah Öcalan erlassen worden sind, innerhalb kurzer Zeit alle BürgerInnen in der Türkei umfassen.</p>
<p><strong>Als MAF-DAD wissen wir,</strong> dass ein ähnlicher Mechanismus sich in verschiedensten Ländern wiederholt. Auch in der Bundesrepublik Deutschland wird diskriminierendes Vorgehen gegen einzelne Gruppen später ausgeweitet auf größere Teile der Bevölkerung. Aus diesem Grund möchten wir betonen, dass wir es als Teil unserer Arbeit betrachten, die Lage von KurdInnen in Deutschland zu beobachten. Dabei geht es uns insbesondere um gesetzliche Regelungen und Vorgehensweisen, mit denen die Organisierungs-, Meinungs- und Pressefreiheit sowie das Recht auf politische Betätigung eingeschränkt werden.</p>
<p>Ein juristischer Kampf erfordert neben theoretischer Arbeit ein praktisches juristisches Vorgehen gegen konkretes Unrecht. Aus diesem Grund wollen wir bestimmte Pilotprozesse beobachten und darüber wachen, in welchem Masse gesetzlich verbriefte Rechte eingehalten werden. Zur Umsetzung unserer Ziele werden wir Konferenzen, Veranstaltungen und Seminare durchführen, Untersuchungsausschüsse gründen oder daran teilhaben und Berichte erstellen. Der juristische Kampf soll mit der Zeit helfen, zu einer Entwicklung in Gesetzgebung und ihrer Umsetzung zu führen, durch den das Interesse und das Vertrauen in die Forderung nach einem friedlichen Zusammenleben  aller Menschen steigt. In diesem Sinne streben wir an, über den juristischen Kampf eine Kultur des Friedens und der Einigung zu fördern.</p>
<p>Dies ist das Selbstverständnis, nach dem wir arbeiten wollen. Wir betrachten dies als Mindesteinsatz, den wir als Individuen leisten können, denen Recht und Menschenrechte wichtig sind. Sie können Ihren Beitrag dazu leisten, indem sie in unserem Verein mitarbeiten.</p>
<p><strong>Für eine bessere, gerechtere und freie Welt&#8230;</strong></p>
</div>

<p>&nbsp; &#8211;  MAF-DAD Kurdisch für Recht und Gerechtigkeit &#8211; wir haben diese Wortkombination gewählt in Anlehnung an die Situation des kurdischen Volkes, die von Entrechtung und Unterdrückung geprägt ist; aus</p>
